n(-8)?
4
Let p(c) = -c**3 + 8*c**2 + 58*c + 18. Give p(13).
-73
Let v(g) = 302*g + 22633. What is v(-75)?
-17
Let d(k) = -1232*k - 192191. Give d(-156).
1
Let o(f) = f**3 - 69*f**2 + 73*f - 391. Calculate o(68).
-51
Let m(l) = -9*l - 60. Calculate m(-26).
174
Let z(l) = -16*l - 477. Give z(-53).
371
Let r(g) = -g**2 + 14*g + 488. Determine r(-17).
-39
Let y(j) = -59*j + 1438. Determine y(25).
-37
Let t(f) = 576*f + 6894. Give t(-12).
-18
Let z(m) = 661*m**2 + m + 12. Determine z(-1).
672
Let w(f) = 102*f + 893. Calculate w(-9).
-25
Let y(b) = -10*b**2 + 400*b - 1. Give y(40).
-1
Let o(j) = 3*j**2 + 17*j - 159. What is o(7)?
107
Let y(d) = 175*d + 899. Give y(-5).
24
Let v(s) = -22*s**2 - 1100*s - 4. What is v(-50)?
-4
Let i(v) = -v**2 + 24*v - 64. Calculate i(3).
-1
Let v(o) = o**3 + 2*o**2 - 5*o + 18. Calculate v(0).
18
Let r(b) = b**3 + 5*b**2 - 58*b + 18. Determine r(-11).
-70
Let c(a) = -a**3 - 99*a**2 - 93*a + 482. Give c(-98).
-8
Let d(b) = -b**2 + 16*b - 6. Give d(8).
58
Let l(o) = -2*o + 91. Calculate l(51).
-11
Let q(z) = z**3 + 9*z**2 - 20*z - 60. What is q(-10)?
40
Let a(o) = 3*o**2 + 142*o + 39. What is a(-49)?
284
Let h(n) = n**2 + 2*n - 177. Give h(-16).
47
Let f(n) = -65*n + 155. Calculate f(3).
-40
Let q(t) = t**2 + 25*t + 2. Determine q(0).
2
Let d(q) = -8*q**2 - 36*q - 122. Determine d(-6).
-194
Let n(k) = 26*k**3 - 128*k**2 - 14*k + 33. Give n(5).
13
Let i(r) = -3*r**2 - 22*r - 42. Calculate i(-5).
-7
Let n(r) = -r**2 - 237*r - 4140. What is n(-19)?
2
Let i(j) = -j**2 + 77*j - 320. Determine i(78).
-398
Let g(h) = 2*h**3 - 43*h**2 - 26*h - 20. What is g(22)?
-108
Let t(u) = 19*u**3 + 60*u**2 + 9*u - 2. Calculate t(-3).
-2
Let n(k) = -2*k**3 + 12*k**2 - 22*k + 14. What is n(4)?
-10
Let h(w) = -w**2 - 17*w + 333. Give h(12).
-15
Let z(p) = p**3 - 172*p**2 + 178*p - 1202. Determine z(171).
-5
Let z(u) = -4*u**3 - 5*u - 23. Calculate z(-4).
253
Let r(l) = 3*l**2 + 12*l - 35. Determine r(4).
61
Let j(t) = -2*t**2 + 148*t - 2702. Calculate j(33).
4
Let g(b) = 2*b**2 - 14*b + 24. Give g(12).
144
Let c(t) = 12*t + 389. What is c(-16)?
197
Let z(s) = 46*s + 132. Give z(-10).
-328
Let w(x) = 46*x + 5519. Give w(-120).
-1
Let o(k) = -19052*k + 133375. What is o(7)?
11
Let m(q) = 3*q**2 + 5*q + 22. Calculate m(5).
122
Let m(l) = l**3 - l**2 - 31*l + 36. Determine m(7).
113
Let h(p) = -9*p**2 - 357*p - 40. Give h(-40).
-160
Let g(t) = 62*t + 1502. Calculate g(-24).
14
Let z(j) = 165*j + 165. Give z(-1).
0
Let y(u) = -u**3 + 54*u**2 - 120*u + 638. Calculate y(52).
-194
Let k(i) = -i**3 + 4*i**2 + 4*i - 8. Determine k(2).
8
Let l(r) = 2*r**2 + 720*r + 4269. Give l(-6).
21
Let n(j) = 285*j - 1430. Give n(5).
-5
Let i(y) = -856*y + 2001. Give i(2).
289
Let t(q) = 81*q - 1612. Determine t(19).
-73
Let s(y) = 417*y**2 - 608*y + 5. Give s(2).
457
Let p(j) = -709*j + 2801. Calculate p(4).
-35
Let n(x) = -3582*x + 50147. What is n(14)?
-1
Let n(c) = c**2 + 1361*c - 10953. What is n(8)?
-1
Let t(b) = b**3 + 48*b**2 + 97*b + 248. Give t(-46).
18
Let c(p) = -p**3 - 29*p**2 - 32*p - 120. What is c(-28)?
-8
Let m(o) = -3*o**2 - 339*o + 1030. Calculate m(3).
-14
Let j(w) = -w**2 + 40*w - 98. What is j(7)?
133
Let q(i) = 13*i**2 + 142*i - 15. Determine q(-11).
-4
Let j(s) = s**2 - 48*s + 429. Give j(36).
-3
Let i(o) = o**3 - 36*o**2 - 82*o + 28. What is i(38)?
-200
Let m(d) = 2*d**3 - 33*d**2 - 22*d + 37. Calculate m(17).
-48
Let m(x) = -471*x**2 - 5*x - 1. Give m(-1).
-467
Let u(j) = 10*j**2 + 38*j - 8. Calculate u(-3).
-32
Let o(k) = -58*k - 475. What is o(-7)?
-69
Let z(j) = -2*j**3 - 31*j**2 + 54*j + 49. Give z(-17).
-2
Let w(g) = -18*g**2 + 26*g - 110. What is w(5)?
-430
Let u(r) = -9*r**3 - 11*r**2 - 10*r + 2. Determine u(-4).
442
Let j(t) = t**3 + 23*t**2 + 58*t - 82. Give j(-20).
-42
Let o(l) = -66*l - 5867. Determine o(-89).
7
Let i(q) = -3*q**2 + 2*q + 38. Calculate i(8).
-138
Let f(x) = -19*x + 477. What is f(16)?
173
Let v(f) = -8*f**2 + 581*f + 75. Calculate v(73).
-144
Let i(k) = k**3 + 122*k**2 + 252*k + 1366. What is i(-120)?
-74
Let x(s) = 86*s**3 + 4*s**2 - 5*s. Calculate x(1).
85
Let n(u) = 245*u + 1563. Give n(-7).
-152
Let f(r) = -4*r**3 - 13*r**2 + 32*r - 11. Determine f(-5).
4
Let g(f) = 61*f + 202. What is g(-8)?
-286
Let s(f) = f**3 + 23*f**2 + 26*f + 14. Determine s(-22).
-74
Let a(y) = -104*y**2 + 4*y - 5. Give a(-1).
-113
Let c(d) = 119*d - 240. Determine c(2).
-2
Let m(k) = -44*k - 1234. Give m(-28).
-2
Let p(g) = 4*g - 328. Determine p(69).
-52
Let c(p) = -3343*p - 177177. What is c(-53)?
2
Let g(r) = r**3 + 10*r**2 + 17*r + 15. Give g(-7).
43
Let y(a) = -19288*a - 115747. Calculate y(-6).
-19
Let y(t) = -363*t - 1357. Determine y(-4).
95
Let o(d) = 17*d - 190. Determine o(12).
14
Let c(z) = -5*z**3 - 3*z**2 - z + 4. Give c(-2).
34
Let t(r) = -37*r**3 - 2*r**2 - 25*r - 53. What is t(-2)?
285
Let l(r) = r**3 + 33*r**2 + 239*r - 34. Determine l(-11).
-1
Let u(i) = i**3 + 48*i**2 - 210*i - 141. Calculate u(-52).
-37
Let b(j) = 3*j**2 - 8*j + 29. What is b(0)?
29
Let k(g) = g**3 + 11*g**2 - 79*g - 2. Calculate k(5).
3
Let a(z) = -9*z + 114. Calculate a(22).
-84
Let h(x) = x**3 + 7*x**2 - 8*x + 11. Give h(-7).
67
Let d(b) = 5*b**3 + 19*b**2 - 121*b - 339. Determine d(-6).
-9
Let d(s) = 22*s + 219. Determine d(-10).
-1
Let p(m) = -29674*m - 267073. Calculate p(-9).
-7
Let u(k) = 52*k - 132. Determine u(4).
76
Let x(j) = -51*j - 418. Give x(-10).
92
Let r(o) = -3553*o + 99487. Determine r(28).
3
Let k(r) = -2*r**3 + 11*r**2 + 19*r - 86. Calculate k(6).
-8
Let g(z) = -611*z**2 - 8549*z + 81. Give g(-14).
11
Let a(q) = -14*q + 828. Determine a(58).
16
Let q(k) = -k**3 - 23*k**2 - 43*k - 115. What is q(-21)?
-94
Let g(v) = 1176*v - 11813. Calculate g(10).
-53
Let p(i) = -i**2 + 237*i - 10019. What is p(55)?
-9
Let t(u) = 3*u**2 - 71*u - 2. Give t(0).
-2
Let l(w) = -16*w - 943. Give l(-58).
-15
Let n(s) = s**2 - 52*s - 374. Determine n(-7).
39
Let k(m) = 4*m - 62. Calculate k(62).
186
Let d(f) = -f**3 + 148*f**2 - 1633*f + 136. Give d(136).
0
Let k(l) = 21*l - 244. Determine k(12).
8
Let p(o) = 2*o**2 + 42*o - 471. What is p(8)?
-7
Let j(z) = z**2 + 20*z + 71. Calculate j(-14).
-13
Let h(v) = -371*v - 2929. Calculate h(-8).
39
Let u(s) = 39*s**2 - 101*s + 1. Give u(4).
221
Let y(l) = l**3 - 29*l**2 + 156*l + 90. Calculate y(8).
-6
Let v(o) = -13*o**2 + 138*o - 211. What is v(9)?
-22
Let v(g) = -92*g + 514. Determine v(6).
-38
Let r(y) = -46*y - 739. Calculate r(-16).
-3
Let y(l) = -222*l - 3333. Determine y(-15).
-3
Let n(r) = -r**3 + 43*r**2 - 39*r - 134. Determine n(42).
-8
Let n(o) = -2*o**2 - 55*o + 230. What is n(4)?
-22
Let k(t) = -12*t**2 + 64*t - 15. Give k(6).
-63
Let q(o) = -4*o**2 - 417*o + 313. Calculate q(-105).
-2
Let k(s) = -4*s**3 + 175*s**2 + 47*s + 99. Give k(44).
231
Let q(u) = -2*u**3 - 3*u**2 - 19*u - 75. What is q(-4)?
81
Let y(k) = 211*k**2 + 3163*k - 24. Calculate y(-15).
6
Let l(j) = -5*j**3 - 21*j**2 + 2*j - 4. Calculate l(-4).
-28
Let z(x) = x**3 + 19*x**2 - 121*x - 2016. Determine z(-20).
4
Let r(t) = 3*t**3 + 10*t**2 + 21*t + 18. Determine r(-2).
-8
Let w(x) = 2031*x + 8117. Give w(-4).
-7
Let s(m) = 182*m - 1250. Calculate s(7).
24
Let p(w) = w**3 + 16*w**2 + 53*w - 128. Determine p(-7).
-58
Let b(m) = -94*m**3 + 7*m - 8. Calculate b(1).
-95
Let j(u) = -68*u**2 - 89*u + 157. Determine j(1).
0
Let o(z) = -7*z - 143. Give o(7).
-192
Let r(c) = c**2 + 25*c - 198. Determine r(-38).
296
Let u(t) = -31*t - 438. What is u(-15)?
27
Let r(n) = 586*n - 1648. Give r(3).
110
Let y(s) = -s**3 - 84*s**2 - 212*s - 3936. Determine y(-82).
0
Let h(j) = 18*j**2 - 616*j + 142. What is h(34)?
6
Let y(f) = -131*f + 762. Give y(6).
-24
Let c(s) = -5142*s + 35989. Give c(7).
-5
Let n(t) = -26*t - 290. What is n(-19)?
204
Let b(k) = -k**3 + 26*k**2 - 78*k + 118. Determine b(23).
-89
Let h(i) = i**2 - 15*i + 44. Give h(12).
8
Let h(a) = 27*a - 90. Give h(3).
-9
Let v(a) = a**3 - 25*a**2 + 7*a - 107. What is v(25)?
68
Let a(o) = -2*o**2 + 333*o - 3458. Give a(11).
-37
Let u(x) = x**3 - 22*x**2 - 72*x - 64. Give u(25).
11
Let q(c) = -153*c + 736. Determine q(4).
124
Let j(k) = -34*k + 54. Determine j(2).
-14
Let h(j) = -j**3 - 3*j**2 + 56*j + 14. Determine h(6).
26
Let p(z) = 304*z + 2153. Calculate p(-7).
25
Let h(m) = 16*m +